hat is 1 + 67c4?
67c5
In base 10, what is -3446 + -86?
-3532
In base 8, what is -4 + 6432?
6426
In base 9, what is 61 - -14071?
14142
In base 10, what is -3 - -55039?
55036
In base 4, what is 23 + -1121133?
-1121110
In base 7, what is -1362 + 562?
-500
In base 3, what is 111222 - -2202?
121201
In base 13, what is -15212 - -4?
-1520b
In base 13, what is -8ab4 - -31?
-8a83
In base 14, what is 65 - -56?
bb
In base 4, what is -3 + -31200?
-31203
In base 5, what is -133 - 10121?
-10304
In base 2, what is 101011111000100101 - 101?
101011111000100000
In base 5, what is -33 + 4404004?
4403421
In base 12, what is -3b - 1595?
-1614
In base 14, what is 32d1bd - 5?
32d1b8
In base 9, what is -1585301 - 0?
-1585301
In base 11, what is 2115 + -5aa?
1616
In base 5, what is -1 + 2110014?
2110013
In base 7, what is 46346 + -10?
46336
In base 16, what is -8 + 7693?
768b
In base 7, what is -31564531 + -4?
-31564535
In base 11, what is 2704 - -1?
2705
In base 5, what is 211111 - 1133?
204423
In base 4, what is 11012 + -1101?
3311
In base 13, what is -9a - -2b?
-6c
In base 5, what is -323442 - -32?
-323410
In base 12, what is 132 - -194?
306
In base 14, what is -21 - 849?
-86a
In base 12, what is 2 + -26176?
-26174
In base 2, what is -10 + 11100100101010001?
11100100101001111
In base 11, what is 5 + -5680?
-5676
In base 4, what is 120132301 + 0?
120132301
In base 10, what is -23034 + 71?
-22963
In base 15, what is -1 + -64a7?
-64a8
In base 11, what is -24 + 6016?
5aa2
In base 2, what is -1110 + -1000010001111?
-1000010011101
In base 10, what is 1 - 107880?
-107879
In base 13, what is -939b + -75?
-9443
In base 14, what is 638bd + 2?
638c1
In base 13, what is -12 - -2bc?
2aa
In base 14, what is 10 + 151?
161
In base 12, what is 24a3a - 8?
24a32
In base 13, what is 152 + 5a?
1ac
In base 16, what is 4b27 - -3?
4b2a
In base 16, what is 10ad + -9d2?
6db
In base 16, what is -d + cc32?
cc25
In base 14, what is 20a08 - 0?
20a08
In base 15, what is 56e54 + -b?
56e48
In base 8, what is 12 + -201350?
-201336
In base 3, what is -22021211 - -11?
-22021200
In base 6, what is -44 + -22424?
-22512
In base 11, what is 16 - -37a82?
37a98
In base 15, what is -39ea + 7?
-39e3
In base 7, what is -1 - -140155?
140154
In base 6, what is -230 + 524?
254
In base 11, what is a795 + 0?
a795
In base 13, what is 52 - -324?
376
In base 13, what is -26 + -11a6?
-11cc
In base 5, what is -1311 + 12222?
10411
In base 8, what is -6 - 473?
-501
In base 11, what is 802208 - 4?
802204
In base 8, what is 2264 - 30?
2234
In base 16, what is -67 + -1f3?
-25a
In base 14, what is 69b + -25?
676
In base 5, what is -41343 - -102?
-41241
In base 11, what is -135a - 103?
-1462
In base 7, what is -1 + 641223?
641222
In base 14, what is -21d1b4 + -2?
-21d1b6
In base 4, what is -1132000 + 3?
-1131331
In base 8, what is 3267 + -530?
2537
In base 15, what is -173d - -9?
-1734
In base 4, what is -232310 + -10103?
-303013
In base 16, what is 1 + -87482?
-87481
In base 12, what is 306 - -2aba?
3204
In base 4, what is 332301002 + -11?
332300331
In base 4, what is 1101113 + 3?
1101122
In base 3, what is -10010 - 22100201?
-22110211
In base 8, what is 1307611 + 5?
1307616
In base 2, what is 10001001101010101001 - 0?
10001001101010101001
In base 2, what is 10010001010100 - -10?
10010001010110
In base 12, what is 718 + 7?
723
In base 14, what is -3 - 5696?
-5699
In base 3, what is 12000011 - -120220?
12121001
In base 3, what is -12 + -1011200222?
-1011201011
In base 16, what is -b7 + -1c64?
-1d1b
In base 5, what is -1 + 1044430?
1044424
In base 7, what is 43545 + -526?
43016
In base 11, what is -49 + 147?
a9
In base 16, what is -4 - a83?
-a87
In base 7, what is -361321 - -3?
-361315
In base 7, what is -3 + -415214?
-415220
In base 2, what is -100 - 1001000001001000?
-1001000001001100
In base 15, what is -5 + -9720?
-9725
In base 10, what is -46 + 114?
68
In base 13, what is -510cb - -3?
-510c8
In base 7, what is -16 - 246231?
-246250
In base 8, what is 40 - 12016?
-11756
In base 2, what is -1100000011000 - -1001010011?
-1010111000101
In base 7, what is 11 + -2136356?
-2136345
In base 12, what is -b + 2522?
2513
In base 3, what is 211022 + -202100?
1222
In base 3, what is 10120001222202 + -1?
10120001222201
In base 6, what is -3 - 35233?
-35240
In base 7, what is -2601 + 21?
-2550
In base 13, what is -42c3 - 63?
-4356
In base 12, what is 5 - 384867?
-384862
In base 6, what is 1204013 - -1?
1204014
In base 10, what is -4 - -20979?
20975
In base 7, what is -1 - -66061?
66060
In base 12, what is -51 + 36?
-17
In base 12, what is -3161b - -4?
-31617
In base 3, what is 12 - 121100101?
-121100012
In base 2, what is -1 + 10100101011001?
10100101011000
In base 7, what is 122542321 + -2?
122542316
In base 12, what is 1678 - -49?
1705
In base 5, what is 4 - -10343313?
10343322
In base 14, what is -4 + 50608?
50604
In base 11, what is -2a8 + 1440?
1143
In base 6, what is 231434 + -15?
231415
In base 11, what is 33 + 5246?
5279
In base 14, what is -b - -6519?
650c
In base 9, what is 8180 - 6?
8173
In base 16, what is -131 + 61c?
4eb
In base 3, what is 21100 + 10122221?
10221021
In base 16, what is 2 + 88eec?
88eee
In base 9, what is -5212705 + 2?
-5212703
In base 5, what is 10 - -202421?
202431
In base 11, what is 5 + -2a7a?
-2a75
In base 5, what is 3333011 - -11?
3333022
In base 8, what is 20344 + -4?
20340
In base 5, what is -1200104 - 1?
-1200110
In base 9, what is -1 + -26153?
-26154
In base 7, what is 0 + -2055541?
-2055541
In base 5, what is -31 + -40400?
-40431
In base 9, what is -262 + 10481?
10218
In base 14, what is 6 + -18a7?
-18a1
In base 15, what is -3 - 12355?
-12358
In base 13, what is 13c7b - -22?
13ca0
In base 16, what is -a5 - 465?
-50a
In base 12, what is -32 + -3015?
-3047
In base 10, what is 1088 - 37?
1051
In base 12, what is -144 + 761?
619
In base 13, what is -1a7 + 3c86?
3aac
In base 6, what is 13020351 + -4?
13020343
In base 16, what is -1 - 10d30?
-10d31
In base 2, what is -11 - -1110001000110110?
1110001000110011
In base 4, what is -2012 - -1101123?
1033111
In base 15, what is -12 + 19eb2?
19ea0
In base 15, what is -3b52 - -1?
-3b51
In base 3, what is 21 + 200210?
201001
In base 11, what is -350 - 296?
-636
In base 11, what is -9 - 3901?
-390a
In base 4, what is 10 - 133320121?
-133320111
In base 9, what is 128 + 17481?
17620
In base 6, what is -4252450 - -2?
-4252444
In base 3, what is -1020 - -2121220201?
2121212111
In base 7, what is -3166 - 2332?
-5531
In base 12, what is -148b8 + -3?
-148bb
In base 9, what is 11 + 110143?
110154
In base 9, what is -1 - 6500?
-6501
In base 7, what is 155460 + -1?
155456
In base 12, what is -1 + -1246?
-1247
In base 14, what is 2ad97c + 2?
2ad980
In base 3, what is -120000122211 - -2?
-120000122202
In base 13, what is 1a3750 + -3?
1a374a
In base 16, what is -2 - 29178?
-2917a
In base 6, what is -1410 - 1313?
-3123
In base 3, what is -10 + -21101101010?
-21101101020
In base 14, what is -1b5 - 3?
-1b8
In base 3, what is -2021022202 - 10?
-2021022212
In base 8, what is -451737 + -15?
-451754
In base 8, what is 1022 + 1652?
2674
In base 6, what is 125110 + 24?
125134
In base 5, what is 12 - -1431420?
1431432
In base 3, what is -201 + -1011100102?
-1011101010
In base 14, what is -a7d31 + -5?
-a7d36
In base 13, what is -2c + -565?
-594
In base 6, what is -101 + 31334?
31233
In base 14, what is -3b5 + -c?
-3c3
In base 8, what is -23231 + -1?
-23232
In base 15, what is 129 - -1ce?
308
In base 13, what is -40a18 + -3?
-40a1b
In base 8, what is 4 - 17355?
-17351
In base 12, what is -24 + 96a4?
9680
In base 6, what is 54324 - -1?
54325
In base 14, what is -4 - c89?
-c8d
In base 6, what is -4 + -121405?
-121413
In base 10, what is -1248 - -62?
-1186
In base 4, what is 11 - -1321120?
1321131
In base 4, what is 130 + 3332101?
3332231
In base 2, what is -100011001001000001 + -11?
-100011001001000100
In base 2, what is 100001111100011110 + -10100?
100001111100001010
In base 7, what is 43 + -11420?
-11344
In base 13, what is 7a7c + -5?
7a77
In base 11, what is 4 - 5034?
-5030
In base 14, what is -301d - -48?
-2db5
In base 9, what is 6152 - -3?
6155
In base 8, what is 2 + 636433?
636435
In base 10, what is -252105 - 4?
-252109
In base 8, what is 52 + 7772?
10044
In base 3, what is 221 